lculate the greatest common divisor of 26829136 and 2232.
248
Calculate the greatest common divisor of 94302 and 6206694.
1014
What is the greatest common factor of 90 and 585010?
10
What is the greatest common factor of 12 and 1264599228?
12
What is the highest common factor of 7557 and 13443216?
687
Calculate the greatest common factor of 13273623 and 165.
33
Calculate the greatest common divisor of 2213790672 and 411.
411
Calculate the greatest common divisor of 1083185258 and 8716.
4358
What is the greatest common divisor of 3512840 and 2874895?
8285
What is the greatest common factor of 339352 and 400712?
104
Calculate the highest common divisor of 16 and 6776248.
8
What is the greatest common divisor of 777 and 105952497?
777
What is the greatest common factor of 18420 and 12141236?
1228
What is the highest common divisor of 998120 and 160?
40
What is the highest common divisor of 64133955 and 405?
45
Calculate the greatest common factor of 503363268 and 72.
36
Calculate the greatest common divisor of 180324074 and 21.
7
What is the highest common divisor of 125 and 625625125?
125
Calculate the highest common divisor of 636 and 208212.
12
Calculate the greatest common factor of 18 and 1729062.
18
Calculate the greatest common divisor of 35 and 218410595.
5
What is the highest common divisor of 2061159 and 107221?
599
Calculate the greatest common factor of 295 and 6455.
5
Calculate the highest common factor of 14434556 and 44.
4
Calculate the highest common factor of 49709660 and 955.
955
What is the highest common factor of 1741442 and 12654?
74
What is the greatest common divisor of 156 and 187915806?
78
What is the greatest common factor of 240205 and 140?
35
Calculate the highest common factor of 23388782 and 6.
2
What is the greatest common divisor of 912 and 926364?
228
What is the greatest common divisor of 10339359 and 3?
3
Calculate the highest common factor of 8060545 and 48887.
83
Calculate the greatest common factor of 2586 and 133674.
6
What is the greatest common divisor of 40526 and 855784?
46
Calculate the greatest common divisor of 245028 and 58116.
12
What is the highest common factor of 379260 and 1350090?
630
Calculate the highest common divisor of 6372918 and 98208.
558
Calculate the highest common divisor of 49431802 and 8122.
262
Calculate the greatest common factor of 961 and 2091911.
31
What is the greatest common divisor of 19491 and 1388?
1
Calculate the greatest common divisor of 404 and 15577129.
101
Calculate the greatest common divisor of 3172496 and 112.
16
Calculate the greatest common divisor of 695 and 484690915.
695
What is the greatest common factor of 165088 and 59213?
77
Calculate the highest common factor of 31858292 and 752.
188
Calculate the highest common divisor of 429498 and 146483.
107
Calculate the highest common factor of 6298903 and 104.
13
What is the greatest common factor of 15 and 2724321?
3
Calculate the greatest common divisor of 37187 and 2624.
41
What is the highest common divisor of 2894800 and 4880?
80
Calculate the highest common divisor of 746181120 and 11520.
3840
What is the highest common factor of 159256 and 71400?
136
Calculate the greatest common divisor of 158252089 and 158.
79
Calculate the greatest common divisor of 33823035 and 5.
5
Calculate the greatest common factor of 63835 and 7363555.
3755
Calculate the greatest common divisor of 1195 and 4287421.
239
Calculate the highest common factor of 1109997 and 880111.
839
Calculate the highest common factor of 21940148 and 78202.
1282
Calculate the highest common divisor of 205713 and 32832.
513
What is the greatest common divisor of 458960 and 10000?
80
Calculate the greatest common divisor of 9218132 and 2772.
308
Calculate the highest common divisor of 1023 and 60371322.
1023
Calculate the greatest common factor of 2696 and 420913.
337
Calculate the greatest common divisor of 110138672 and 343.
343
Calculate the highest common divisor of 1092 and 25857636.
84
Calculate the greatest common factor of 130350 and 504573.
237
What is the greatest common factor of 28 and 79284884?
28
Calculate the highest common factor of 5057325 and 11025.
1575
What is the greatest common factor of 1205264 and 304?
16
What is the highest common divisor of 495 and 17083770?
165
Calculate the highest common factor of 374718 and 197566.
346
Calculate the greatest common divisor of 3105 and 113045.
115
Calculate the highest common divisor of 114649208 and 16.
8
What is the greatest common divisor of 1467688914 and 153?
153
Calculate the greatest common factor of 27190 and 181590.
10
What is the highest common factor of 24 and 1190160912?
24
Calculate the greatest common divisor of 1152956 and 266.
14
What is the greatest common factor of 576580 and 28148?
908
Calculate the greatest common factor of 5502448 and 784.
112
What is the highest common factor of 5593 and 170897311?
799
Calculate the greatest common divisor of 5672890 and 12060.
670
What is the greatest common factor of 1084416 and 16?
16
Calculate the highest common factor of 15 and 239356605.
15
Calculate the highest common divisor of 8401649 and 83887.
563
Calculate the greatest common divisor of 2402 and 172485218.
2402
What is the greatest common factor of 208 and 142484836?
52
What is the highest common divisor of 13470 and 81660?
30
What is the highest common factor of 116469972 and 36?
36
Calculate the highest common divisor of 2112319 and 99.
11
Calculate the highest common divisor of 7515 and 31602078.
1503
Calculate the highest common divisor of 14089205 and 18395.
65
What is the greatest common factor of 3675 and 3287225?
25
Calculate the greatest common factor of 16682 and 129846.
38
Calculate the greatest common divisor of 470106 and 315003.
1599
Calculate the highest common factor of 26083912 and 1992.
664
What is the highest common divisor of 53090 and 12160?
10
What is the highest common factor of 694941 and 9763?
13
What is the highest common factor of 1347 and 948737?
449
Calculate the greatest common factor of 32417001 and 18.
9
Calculate the greatest common divisor of 160852492 and 12186.
1354
What is the highest common divisor of 149931 and 32701?
617
Calculate the highest common divisor of 38150 and 16310.
70
What is the highest common divisor of 5037 and 342447?
69
Calculate the greatest common divisor of 32 and 4418144.
32
Calculate the greatest common factor of 80031406 and 13.
13
What is the greatest common factor of 1128 and 2392206?
282
What is the highest common divisor of 730481458 and 868?
434
Calculate the greatest common factor of 110559837 and 43.
43
What is the highest common factor of 195 and 10282935?
195
What is the highest common divisor of 505201105 and 3015?
335
Calculate the greatest common divisor of 64116323 and 8975.
359
Calculate the highest common factor of 33080 and 5161307.
827
What is the greatest common divisor of 371161 and 2751?
7
Calculate the highest common divisor of 9236473 and 2234.
1117
Calculate the greatest common factor of 495541 and 767.
59
Calculate the greatest common divisor of 343451 and 1335.
89
What is the greatest common divisor of 56 and 1663396?
28
Calculate the greatest common divisor of 69552 and 784.
112
Calculate the greatest common factor of 10655872 and 10856.
472
What is the greatest common divisor of 483563 and 344?
1
Calculate the highest common factor of 644 and 344876.
28
What is the greatest common factor of 777 and 59072720?
259
Calculate the highest common factor of 27622 and 26824.
14
What is the highest common divisor of 3186281 and 19?
19
Calculate the greatest common divisor of 5202 and 81923697.
2601
Calculate the highest common divisor of 15799203 and 595728.
12411
What is the greatest common divisor of 39879272 and 3056?
1528
Calculate the highest common factor of 5316 and 99744.
12
Calculate the highest common divisor of 797091 and 221149.
1591
What is the highest common factor of 14940 and 192420?
180
What is the highest common divisor of 123950 and 8450?
50
Calculate the highest common factor of 75537774 and 21710.
4342
Calculate the greatest common divisor of 72 and 432450.
18
Calculate the highest common factor of 4038 and 33582027.
2019
Calculate the highest common factor of 64512 